{"id":41,"date":"2022-05-23T18:33:51","date_gmt":"2022-05-23T18:33:51","guid":{"rendered":"https:\/\/sendkom.pl\/beniamin\/?page_id=41"},"modified":"2022-05-23T19:57:52","modified_gmt":"2022-05-23T19:57:52","slug":"gory","status":"publish","type":"page","link":"https:\/\/sendkom.pl\/beniamin\/?page_id=41","title":{"rendered":"G\u00f3ry"},"content":{"rendered":"\n<p class=\"has-extra-small-font-size\" style=\"font-style:italic;font-weight:200\">&#8220;G\u00f3ry daj\u0105 cz\u0142owiekowi, poprzez zdobywanie wzniesie\u0144 nieograniczony kontakt z przyrod\u0105 \u2013 poczucie wewn\u0119trznego wyzwolenia, oczyszczenia, niezale\u017cno\u015bci.&#8221;<br>                                                                                                                   Jan Pawe\u0142 II<\/p>\n\n\n\n<p>G\u00f3ry w Polsce nale\u017cy dzieli\u0107 na trzy \u0142a\u0144cuchy, kt\u00f3re s\u0105 tworzone przez 46 pasm. Cho\u0107 nasz kraj trudno zaliczy\u0107 do typowo g\u00f3rskich, to i tak w naszych granicach mie\u015bci si\u0119 wiele wspania\u0142ych szczyt\u00f3w, przyci\u0105gaj\u0105cych ca\u0142e rzesze mi\u0142o\u015bnik\u00f3w zimowych sport\u00f3w i w\u0119dr\u00f3wek w trudnym terenie. Malownicze krajobrazy, niezwyk\u0142e okazy dzikiej fauny i flory, odludne miejsca, w kt\u00f3rych czas wydaje si\u0119 sta\u0107 w miejscu &#8211; to wszystko mamy na &#8220;wyci\u0105gni\u0119cie r\u0119ki&#8221;. Wystarczy obra\u0107 cel i wej\u015b\u0107 na jeden z setek szlak\u00f3w turystycznych, kt\u00f3re s\u0105 cz\u0119\u015bci\u0105 polskich atrakcji.<\/p>\n\n\n\n<figure class=\"wp-block-image size-full is-style-twentytwentyone-image-frame\"><img loading=\"lazy\" decoding=\"async\" width=\"298\" height=\"169\" src=\"https:\/\/sendkom.pl\/beniamin\/wp-content\/uploads\/2022\/05\/gory1.jpg\" alt=\"\" class=\"wp-image-82\"\/><\/figure>\n\n\n\n<h2 class=\"wp-block-heading\">Sudety<\/h2>\n\n\n\n<p>Sudety s\u0105 po\u0142o\u017cone w po\u0142udniowo-zachodniej cz\u0119\u015bci Polski (a tak\u017ce w Czechach i Niemczech). Stanowi\u0105 drugi najstarszy \u0142a\u0144cuch g\u00f3rski w naszym kraju.&nbsp;<strong>Natura wypi\u0119trzy\u0142a je podczas orogenezy hercy\u0144skiej, w okresie paleozoiku<\/strong>. Najwy\u017cszym szczytem \u0142a\u0144cucha jest \u015anie\u017cka (1603 m n.p.m.). Polsk\u0105 cz\u0119\u015b\u0107 \u0142a\u0144cucha tworzy 15 pasm.<\/p>\n\n\n\n<h3 class=\"wp-block-heading\">Karkonosze<\/h3>\n\n\n\n<p>Zachodnie pasmo rozci\u0105ga si\u0119 na ok. 40 km i jest najwy\u017cszym obszarem Sudet\u00f3w. Charakteryzuje si\u0119 wyst\u0119powaniem ciekawie ukszta\u0142towanych form skalnych.&nbsp;<strong>Najwy\u017cszym szczytem Karkonoszy jest \u015anie\u017cka, osi\u0105gaj\u0105ca wysoko\u015b\u0107 1603 m n.p.m.<\/strong><\/p>\n\n\n\n<figure class=\"wp-block-image size-full is-style-twentytwentyone-image-frame\"><img loading=\"lazy\" decoding=\"async\" width=\"318\" height=\"159\" src=\"https:\/\/sendkom.pl\/beniamin\/wp-content\/uploads\/2022\/05\/gory2.jpg\" alt=\"\" class=\"wp-image-83\" srcset=\"https:\/\/sendkom.pl\/beniamin\/wp-content\/uploads\/2022\/05\/gory2.jpg 318w, https:\/\/sendkom.pl\/beniamin\/wp-content\/uploads\/2022\/05\/gory2-300x150.jpg 300w\" sizes=\"auto, (max-width: 318px) 100vw, 318px\" \/><\/figure>\n\n\n\n<h3 class=\"wp-block-heading\">G\u00f3ry Izerskie<\/h3>\n\n\n\n<p>Pasmo Sudet\u00f3w Zachodnich, sk\u0142adaj\u0105ce si\u0119 z niskich g\u00f3r o \u0142agodnych wierzchowinach. W p\u00f3\u0142nocnej cz\u0119\u015bci zbudowane z gnejs\u00f3w i \u0142upk\u00f3w \u0142yszczykowych, natomiast w po\u0142udniowej &#8211; z granitu karkonoskiego.&nbsp;<strong>Najwy\u017cszy szczyt G\u00f3r Izerskich to mierz\u0105ca 1126 m n.p.m. Wysoka Kopa<\/strong>.&nbsp;&nbsp;<\/p>\n\n\n\n<h3 class=\"wp-block-heading\">G\u00f3ry Kaczawskie<\/h3>\n\n\n\n<p>Pasmo po\u0142o\u017cone w p\u00f3\u0142nocno-zachodniej cz\u0119\u015bci Sudet\u00f3w, zbudowane z metamorfiku kaczawskiego, fyllit\u00f3w, ziele\u0144c\u00f3w, diabaz\u00f3w i \u0142upk\u00f3w. Jego d\u0142ugo\u015b\u0107 to ok. 30 km, a \u015brednia wysoko\u015b\u0107 &#8211; 600 m.&nbsp;<strong>Najwy\u017cszym szczytem G\u00f3r Kaczawskich jest mierz\u0105ca ponad 722 m n.p.m. Folwarczna<\/strong>.<\/p>\n\n\n\n<figure class=\"wp-block-image size-full is-style-twentytwentyone-image-frame\"><img loading=\"lazy\" decoding=\"async\" width=\"275\" height=\"183\" src=\"https:\/\/sendkom.pl\/beniamin\/wp-content\/uploads\/2022\/05\/gory3.jpg\" alt=\"\" class=\"wp-image-84\"\/><\/figure>\n\n\n\n<h3 class=\"wp-block-heading\">Rudawy Janowickie<\/h3>\n\n\n\n<p>Pasmo Sudet\u00f3w Zachodnich, w wi\u0119kszo\u015bci zbudowane z granitu. G\u0142\u00f3wny grzbiet, od kt\u00f3rego odchodz\u0105 grzbiety boczne, rozci\u0105ga si\u0119 z po\u0142udniowego zachodu ku p\u00f3\u0142nocnemu wschodowi.&nbsp;<strong>Najwy\u017cszym tamtejszym szczytem jest mierz\u0105cy 945 m n.p.m. Skalnik<\/strong>.<strong>&nbsp;<\/strong><\/p>\n","protected":false},"excerpt":{"rendered":"<p>&#8220;G\u00f3ry daj\u0105 cz\u0142owiekowi, poprzez zdobywanie wzniesie\u0144 nieograniczony kontakt z przyrod\u0105 \u2013 poczucie wewn\u0119trznego wyzwolenia, oczyszczenia, niezale\u017cno\u015bci.&#8221; Jan Pawe\u0142 II G\u00f3ry w Polsce nale\u017cy dzieli\u0107 na trzy \u0142a\u0144cuchy, kt\u00f3re s\u0105 tworzone przez 46 pasm. Cho\u0107 nasz kraj trudno zaliczy\u0107 do typowo g\u00f3rskich, to i tak w naszych granicach mie\u015bci si\u0119 wiele wspania\u0142ych szczyt\u00f3w, przyci\u0105gaj\u0105cych ca\u0142e rzesze&hellip; <a class=\"more-link\" href=\"https:\/\/sendkom.pl\/beniamin\/?page_id=41\">Continue reading <span class=\"screen-reader-text\">G\u00f3ry<\/span><\/a><\/p>\n","protected":false},"author":1,"featured_media":0,"parent":0,"menu_order":0,"comment_status":"closed","ping_status":"closed","template":"","meta":{"footnotes":""},"class_list":["post-41","page","type-page","status-publish","hentry","entry"],"_links":{"self":[{"href":"https:\/\/sendkom.pl\/beniamin\/index.php?rest_route=\/wp\/v2\/pages\/41","targetHints":{"allow":["GET"]}}],"collection":[{"href":"https:\/\/sendkom.pl\/beniamin\/index.php?rest_route=\/wp\/v2\/pages"}],"about":[{"href":"https:\/\/sendkom.pl\/beniamin\/index.php?rest_route=\/wp\/v2\/types\/page"}],"author":[{"embeddable":true,"href":"https:\/\/sendkom.pl\/beniamin\/index.php?rest_route=\/wp\/v2\/users\/1"}],"replies":[{"embeddable":true,"href":"https:\/\/sendkom.pl\/beniamin\/index.php?rest_route=%2Fwp%2Fv2%2Fcomments&post=41"}],"version-history":[{"count":8,"href":"https:\/\/sendkom.pl\/beniamin\/index.php?rest_route=\/wp\/v2\/pages\/41\/revisions"}],"predecessor-version":[{"id":117,"href":"https:\/\/sendkom.pl\/beniamin\/index.php?rest_route=\/wp\/v2\/pages\/41\/revisions\/117"}],"wp:attachment":[{"href":"https:\/\/sendkom.pl\/beniamin\/index.php?rest_route=%2Fwp%2Fv2%2Fmedia&parent=41"}],"curies":[{"name":"wp","href":"https:\/\/api.w.org\/{rel}","templated":true}]}}

Góry

<p class="has-extra-small-font-size" style="font-style:italic;font-weight:200">&#8220;Góry dają człowiekowi, poprzez zdobywanie wzniesień nieograniczony kontakt z przyrodą – poczucie wewnętrznego wyzwolenia, oczyszczenia, niezależności.&#8221;<br>                                                                                                                   Jan Paweł II</p>



<p>Góry w Polsce należy dzielić na trzy łańcuchy, które są tworzone przez 46 pasm. Choć nasz kraj trudno zaliczyć do typowo górskich, to i tak w naszych granicach mieści się wiele wspaniałych szczytów, przyciągających całe rzesze miłośników zimowych sportów i wędrówek w trudnym terenie. Malownicze krajobrazy, niezwykłe okazy dzikiej fauny i flory, odludne miejsca, w których czas wydaje się stać w miejscu &#8211; to wszystko mamy na &#8220;wyciągnięcie ręki&#8221;. Wystarczy obrać cel i wejść na jeden z setek szlaków turystycznych, które są częścią polskich atrakcji.</p>



<figure class="wp-block-image size-full is-style-twentytwentyone-image-frame"><img loading="lazy" decoding="async" width="298" height="169" src="https://sendkom.pl/beniamin/wp-content/uploads/2022/05/gory1.jpg" alt="" class="wp-image-82"/></figure>



<h2 class="wp-block-heading">Sudety</h2>



<p>Sudety są położone w południowo-zachodniej części Polski (a także w Czechach i Niemczech). Stanowią drugi najstarszy łańcuch górski w naszym kraju.&nbsp;<strong>Natura wypiętrzyła je podczas orogenezy hercyńskiej, w okresie paleozoiku</strong>. Najwyższym szczytem łańcucha jest Śnieżka (1603 m n.p.m.). Polską część łańcucha tworzy 15 pasm.</p>



<h3 class="wp-block-heading">Karkonosze</h3>



<p>Zachodnie pasmo rozciąga się na ok. 40 km i jest najwyższym obszarem Sudetów. Charakteryzuje się występowaniem ciekawie ukształtowanych form skalnych.&nbsp;<strong>Najwyższym szczytem Karkonoszy jest Śnieżka, osiągająca wysokość 1603 m n.p.m.</strong></p>



<figure class="wp-block-image size-full is-style-twentytwentyone-image-frame"><img loading="lazy" decoding="async" width="318" height="159" src="https://sendkom.pl/beniamin/wp-content/uploads/2022/05/gory2.jpg" alt="" class="wp-image-83" srcset="https://sendkom.pl/beniamin/wp-content/uploads/2022/05/gory2.jpg 318w, https://sendkom.pl/beniamin/wp-content/uploads/2022/05/gory2-300x150.jpg 300w" sizes="auto, (max-width: 318px) 100vw, 318px" /></figure>



<h3 class="wp-block-heading">Góry Izerskie</h3>



<p>Pasmo Sudetów Zachodnich, składające się z niskich gór o łagodnych wierzchowinach. W północnej części zbudowane z gnejsów i łupków łyszczykowych, natomiast w południowej &#8211; z granitu karkonoskiego.&nbsp;<strong>Najwyższy szczyt Gór Izerskich to mierząca 1126 m n.p.m. Wysoka Kopa</strong>.&nbsp;&nbsp;</p>



<h3 class="wp-block-heading">Góry Kaczawskie</h3>



<p>Pasmo położone w północno-zachodniej części Sudetów, zbudowane z metamorfiku kaczawskiego, fyllitów, zieleńców, diabazów i łupków. Jego długość to ok. 30 km, a średnia wysokość &#8211; 600 m.&nbsp;<strong>Najwyższym szczytem Gór Kaczawskich jest mierząca ponad 722 m n.p.m. Folwarczna</strong>.</p>



<figure class="wp-block-image size-full is-style-twentytwentyone-image-frame"><img loading="lazy" decoding="async" width="275" height="183" src="https://sendkom.pl/beniamin/wp-content/uploads/2022/05/gory3.jpg" alt="" class="wp-image-84"/></figure>



<h3 class="wp-block-heading">Rudawy Janowickie</h3>



<p>Pasmo Sudetów Zachodnich, w większości zbudowane z granitu. Główny grzbiet, od którego odchodzą grzbiety boczne, rozciąga się z południowego zachodu ku północnemu wschodowi.&nbsp;<strong>Najwyższym tamtejszym szczytem jest mierzący 945 m n.p.m. Skalnik</strong>.<strong>&nbsp;</strong></p>

<p>&#8220;Góry dają człowiekowi, poprzez zdobywanie wzniesień nieograniczony kontakt z przyrodą – poczucie wewnętrznego wyzwolenia, oczyszczenia, niezależności.&#8221; Jan Paweł II Góry w Polsce należy dzielić na trzy łańcuchy, które są tworzone przez 46 pasm. Choć nasz kraj trudno zaliczyć do typowo górskich, to i tak w naszych granicach mieści się wiele wspaniałych szczytów, przyciągających całe rzesze&hellip; <a class="more-link" href="https://sendkom.pl/beniamin/?page_id=41">Continue reading <span class="screen-reader-text">Góry</span></a></p>
